the remainder when g(-14) is divided by 3?
2
Let r = -31 - -53. Calculate the remainder when r is divided by -13 - -8 - 1 - -12.
4
Suppose -o = o - 18. Suppose -25*p + 20*p = -25. What is the remainder when o is divided by p?
4
Suppose -55*v - 63 = -58*v. What is the remainder when 48 is divided by v?
6
Suppose 2*w = -5*f + 23, w - 6*w = 4*f - 15. Let g(l) = -5*l - 2. Calculate the remainder when f*1*(-18)/(-15) is divided by g(-1).
0
Let n(l) = -l**3 + 29*l**2 + 30*l + 33. What is the remainder when (-2266)/(-14) + (-1)/(-7) is divided by n(30)?
30
Let a = 73 + -44. What is the remainder when a is divided by ((-2)/4)/((-3)/72)?
5
Suppose 6*g - 4*g - 2 = 0. Let q(o) = 40*o**2 + 2*o - 3. Suppose 5*n = 0, 42 = 4*w - w + 3*n. Calculate the remainder when q(g) is divided by w.
11
Suppose w + w - 5*r - 56 = 0, 3*r = 0. Let m = w - -5. Calculate the remainder when 130 is divided by m.
31
Suppose 4*g - 12 = -2*l, -5*l - 1 + 10 = 3*g. Suppose -3*v - 2*q + 133 = -2*v, l = 4*v - 4*q - 532. What is the remainder when v is divided by 34?
31
Let k(u) = 4*u**2 + 7*u - 1. Let h = 3 + -1. Calculate the remainder when k(h) is divided by 10.
9
Suppose 12*z = 6*z. Let f(s) = s**2 - s + 41. What is the remainder when f(z) is divided by 12?
5
Let r be (-248)/20 - (-4)/10. Let i be (78/r)/((-2)/4). Suppose -18 = -i*f + 10*f. What is the remainder when 33 is divided by f?
3
Suppose 4*z - 223 + 63 = 0. Suppose 3*d - 74 = z. What is the remainder when d is divided by 13?
12
Calculate the remainder when 57 is divided by (-18)/(6/(-27) + (-32)/18).
3
Let r(g) = -4*g + 29. Let v be r(6). Suppose -3*l + 172 + v = 0. What is the remainder when 291 is divided by l?
55
Let v(r) = -4*r + 3. Let a(c) = 5*c - 2. Let q(j) = -3*a(j) - 4*v(j). What is the remainder when 17 is divided by q(15)?
8
Let a be (-8)/(2 - 8/6). Calculate the remainder when 102 is divided by (-160)/a + 3/(-9).
11
Suppose -3*z + 48 - 6 = 0. Let q(i) = i**2 + 10*i - 6. Let b be (-22)/((-3 - 5)/(-4)). What is the remainder when z is divided by q(b)?
4
Suppose 2*q - q = -2. What is the remainder when (-3)/2 + 50/4 is divided by 4*(-1)/(q - -1)?
3
Suppose -5*z = -1 - 4. Let y(k) = k + 13. Let n be y(20). Suppose 13*u - n = 2*u. Calculate the remainder when u is divided by z.
0
Calculate the remainder when (5/(-2) - -3)/((-10)/(-2780)) is divided by 47.
45
Suppose 0 = -4*l + 17 + 19. Let w = -6429 - -6431. What is the remainder when l is divided by w?
1
Suppose 15*j + 9*j - 1440 = 0. Calculate the remainder when j is divided by 21.
18
Let u(i) = i**2 - 9*i + 8. Let m be -20 + (2 + -3 - -5). Let j = m - -45. Calculate the remainder when j is divided by u(9).
5
Suppose -3*g = 4*z - 179, -2*z = -3*g + 76 + 73. What is the remainder when g is divided by 23?
7
Suppose 0 = -l + 6 - 4. Suppose -l*d - 133 = -9*d. Suppose 2*y - 164 = -52. Calculate the remainder when y is divided by d.
18
Suppose -11*a + 470 = 41. What is the remainder when a is divided by 27?
12
Let f(c) = -c**3 - 2*c**2 + 6*c + 30. Let y(i) = i + 8*i**2 + 2*i**2 - 1 + 2*i**2. What is the remainder when f(-3) is divided by y(1)?
9
Calculate the remainder when 5/((-120)/(-9)) - (-554)/16 is divided by 13.
9
Suppose 2*x + 509 = 5*p + 65, x - 363 = -4*p. What is the remainder when 349 is divided by p?
79
Let t(g) = -g**3 - g**2 - 1. Let h(j) = -7*j**3 - 11*j**2 - 9. Let s(x) = -h(x) + 6*t(x). Calculate the remainder when 0 + 1 - 4*-1 is divided by s(-5).
2
Suppose 1 = -v + 5. Suppose -2 - 14 = -v*w. Suppose 22 + 92 = w*h - 3*a, 2*h - 50 = -2*a. Calculate the remainder when h is divided by 14.
13
Suppose 0 = 9*u - 8*u + 24. Let v = u - -80. Calculate the remainder when (-1)/(164/v + -3) is divided by 9.
5
Let z(t) = 2*t**3 - 2. Let d be (-3 - -2)/((-1)/(-8)). Let g = d + 10. Calculate the remainder when 39 is divided by z(g).
11
Suppose 5*s - a = 29, s + 3*s - a = 23. What is the remainder when s is divided by 4?
2
Suppose 0 = -4429*g + 4418*g + 3718. What is the remainder when g is divided by 85?
83
Calculate the remainder when 213 is divided by (18 - 15)*(7 + -1).
15
Suppose 4*l - 4*w = 248, l + w - 26 = 30. Suppose 0 = -b - 3*b - 5*t + 35, -95 = -5*b + 4*t. What is the remainder when l is divided by b?
14
Suppose 80 = 3*f - f. What is the remainder when (2/2)/((-3)/(-354)) is divided by f?
38
Let l = 16074 + -16063. Suppose 0 = -4*h + 3 + 9. What is the remainder when l is divided by h?
2
Suppose 45*z - 31*z - 2534 = 0. What is the remainder when z is divided by 26?
25
Let s = 15 - 12. Let x be 7 + -1 - (2 - 0). Suppose -33 = -s*j - 2*r - r, 17 = j + x*r. Calculate the remainder when 24 is divided by j.
6
Let w = 0 + 8. Let n = -2 - w. Let o = n + 11. What is the remainder when 3 is divided by o?
0
Suppose 21*d = 24*d - 318. Calculate the remainder when d is divided by 36.
34
Suppose -106 = -3*z - 334. Let h = 83 + z. Let k(n) = 33*n**2 - n + 1. What is the remainder when k(1) is divided by h?
5
Let i be ((-36)/(-14))/((5/28)/5). Let p = -42 + i. Calculate the remainder when p is divided by 16.
14
Let t(b) = -4*b**2 + 99*b + 10. What is the remainder when t(7) is divided by 34?
31
Let k(b) = 2*b**2 - 13*b - 31. Let j(r) = -3*r**2 + 14*r + 31. Let y(m) = -3*j(m) - 4*k(m). What is the remainder when 107 is divided by y(-9)?
19
Suppose 0*d + 4*d - 2*y - 708 = 0, -3*d + 5*y = -545. Let p = d + -97. Suppose 0*a + 3*a - p = 0. Calculate the remainder when a is divided by 7.
5
Let q = 7 + -23. Suppose 6*x - 32 = 2*x. Let p = x - q. What is the remainder when 46 is divided by p?
22
Suppose 0 = 5*z - 2*v - 26, 0*z - 24 = -3*z + 4*v. Let g = -16 - -32. What is the remainder when (-1)/z - (-468)/16 is divided by g?
13
Let f(y) = -22*y**3 - 3*y**2 + 2*y - 3. Let g(n) = -43*n**3 - 5*n**2 + 3*n - 5. Let i(o) = -5*f(o) + 3*g(o). What is the remainder when 78 is divided by i(-1)?
18
Let v(f) = -f + 10. Let t(h) = -h**3 - 7*h**2 + 18*h - 9. Let a be t(-9). What is the remainder when 56 is divided by v(a)?
18
Suppose -5*b = 5*j, -2*b + 6*b - 1 = -3*j. Let o be ((-15)/5)/(b/(-3)). Suppose -o - 7 = -4*v. What is the remainder when 7 is divided by v?
3
Suppose 3*k - 86 - 45 = v, 0 = 4*v - 16. Calculate the remainder when k is divided by 6.
3
Let r(o) be the third derivative of o**5/20 - 5*o**4/24 + 5*o**3/6 + 42*o**2. Let j be (4/(-3))/(1/(-3)). Calculate the remainder when r(j) is divided by 12.
9
What is the remainder when (-3)/(-6)*(2 - -72) is divided by 5?
2
Let h(o) = 82*o + 116. Calculate the remainder when h(5) is divided by 59.
54
Suppose 16*o - 14*o = 698. Calculate the remainder when o is divided by 70.
69
What is the remainder when 584949/2555 - (-4)/70 is divided by 17?
8
Suppose -3*x = -3 - 12. Let h be 11/x - 2/10. Suppose 0 = -3*z + h*p + 271, 0*p + 92 = z + p. What is the remainder when z is divided by 31?
29
Suppose 5*z = -4*c - 0*c + 15, 0 = 4*z + 20. Calculate the remainder when 47 is divided by c.
7
Let n = 11 + -15. Let q be 0/((0 - n)/2). Suppose q = -2*g - 0*g + 30. What is the remainder when 44 is divided by g?
14
Suppose -9*l + 426 = -321. Calculate the remainder when 497 is divided by l.
82
Let j = -188 + 207. What is the remainder when 244 is divided by j?
16
Let q = 730 - 515. What is the remainder when q is divided by 45?
35
Let u(c) = 68*c**3 + 2*c**2 - 9*c + 8. What is the remainder when u(1) is divided by 24?
21
Let v = -62 + 105. Suppose -508 = -8*l + 4*l. Suppose 0 = -4*p - 39 + l. What is the remainder when v is divided by p?
21
Let o = -135 + 95. Calculate the remainder when 47 is divided by (-137)/(-8) + (4 - (-165)/o).
13
Suppose 0 = 5*f - 3 - 2, -160 = -3*u + 2*f. Calculate the remainder when u is divided by 42.
12
Suppose -409 = -5*h + 4*m, -4*h + 314 + 46 = 5*m. Suppose 0 = 10*x - 219 - 71. Calculate the remainder when h is divided by x.
27
Let d(o) be the first derivative of -3*o**2/2 - 9*o - 9. Let h be d(-3). Suppose h = -3*r + 2*r + 25. What is the remainder when r is divided by 13?
12
Suppose 0 = -3*z + 6, 3*u - 4*z - 45 = 22. Let w(r) = 2*r**2 - 2*r - 2. Let t be w(4). Let s = 71 - t. What is the remainder when s is divided by u?
24
Let f(d) = 2*d**3 + 3*d**2 + 3*d - 12. Calculate the remainder when f(4) is divided by 36.
32
Let h(f) = f**2 - 4*f + 6. Let z = -68 - -63. What is the remainder when h(z) is divided by 19?
13
